he prime factors of 465835?
5, 151, 617
List the prime factors of 45780.
2, 3, 5, 7, 109
What are the prime factors of 169514?
2, 131, 647
List the prime factors of 19023237.
3, 19, 53, 2099
What are the prime factors of 93959?
17, 5527
List the prime factors of 97959.
3, 32653
What are the prime factors of 1346826?
2, 3, 13, 31, 557
List the prime factors of 94464.
2, 3, 41
What are the prime factors of 4177064?
2, 31, 16843
List the prime factors of 11995245.
3, 5, 149, 1789
List the prime factors of 39064.
2, 19, 257
List the prime factors of 185155.
5, 19, 1949
List the prime factors of 90570.
2, 3, 5, 3019
What are the prime factors of 5110590?
2, 3, 5, 170353
What are the prime factors of 7691897?
7691897
List the prime factors of 2940273.
3, 7, 47, 331
What are the prime factors of 379019?
67, 5657
List the prime factors of 145140.
2, 3, 5, 41, 59
List the prime factors of 11659814.
2, 281, 20747
What are the prime factors of 8118649?
7, 11, 105437
List the prime factors of 168478.
2, 84239
What are the prime factors of 27860?
2, 5, 7, 199
What are the prime factors of 857689?
7, 122527
List the prime factors of 172360.
2, 5, 31, 139
What are the prime factors of 39237010?
2, 5, 31, 47, 2693
What are the prime factors of 28556757?
3, 3172973
List the prime factors of 202630.
2, 5, 23, 881
What are the prime factors of 11603002?
2, 5801501
List the prime factors of 823666.
2, 411833
List the prime factors of 15667360.
2, 5, 181, 541
What are the prime factors of 82374?
2, 3, 13729
What are the prime factors of 2519699?
7, 13, 27689
List the prime factors of 6869447.
13, 528419
List the prime factors of 580105.
5, 181, 641
What are the prime factors of 12822747?
3, 7, 31, 19697
List the prime factors of 376844.
2, 13, 7247
What are the prime factors of 299470?
2, 5, 29947
What are the prime factors of 122407?
109, 1123
List the prime factors of 771715.
5, 7, 17, 1297
List the prime factors of 2064178.
2, 439, 2351
List the prime factors of 2012915.
5, 402583
List the prime factors of 5403618.
2, 3, 11, 827
What are the prime factors of 354287?
347, 1021
List the prime factors of 38239088.
2, 2389943
What are the prime factors of 1385877?
3, 659, 701
List the prime factors of 1004621.
137, 7333
List the prime factors of 3258467.
3258467
What are the prime factors of 11239645?
5, 2247929
What are the prime factors of 500124?
2, 3, 71, 587
What are the prime factors of 367835?
5, 13, 5659
List the prime factors of 34337963.
11, 3121633
What are the prime factors of 689651?
59, 11689
List the prime factors of 1036640.
2, 5, 11, 19, 31
What are the prime factors of 1942424?
2, 11, 22073
List the prime factors of 494657.
71, 6967
List the prime factors of 178687.
17, 23, 457
List the prime factors of 1327603.
1327603
List the prime factors of 4400422.
2, 13, 47, 277
What are the prime factors of 3169760?
2, 5, 11, 1801
List the prime factors of 7074744.
2, 3, 294781
List the prime factors of 730890.
2, 3, 5, 2707
List the prime factors of 30079275.
3, 5, 401057
List the prime factors of 1472052.
2, 3, 61, 2011
What are the prime factors of 327020?
2, 5, 83, 197
What are the prime factors of 128440?
2, 5, 13, 19
List the prime factors of 478798.
2, 41, 5839
List the prime factors of 5316962.
2, 7, 41, 59, 157
What are the prime factors of 166826?
2, 11, 7583
What are the prime factors of 139419?
3, 7, 2213
What are the prime factors of 210667?
293, 719
List the prime factors of 2902126.
2, 167, 8689
What are the prime factors of 9123656?
2, 1021, 1117
What are the prime factors of 12243048?
2, 3, 510127
What are the prime factors of 357341?
47, 7603
List the prime factors of 115243.
17, 6779
List the prime factors of 697235.
5, 7, 11, 1811
List the prime factors of 12460914.
2, 3, 692273
What are the prime factors of 229172?
2, 23, 47, 53
List the prime factors of 27618979.
27618979
What are the prime factors of 805563?
3, 11, 79, 103
List the prime factors of 1389703.
7, 198529
List the prime factors of 1508091.
3, 13, 38669
List the prime factors of 24630.
2, 3, 5, 821
List the prime factors of 14663738.
2, 1933, 3793
What are the prime factors of 39176?
2, 59, 83
List the prime factors of 97911.
3, 11, 23, 43
What are the prime factors of 2813669?
2813669
List the prime factors of 1889719.
13, 61, 2383
List the prime factors of 16402224.
2, 3, 31, 73, 151
What are the prime factors of 361568?
2, 11299
List the prime factors of 2382628.
2, 131, 4547
List the prime factors of 7763987.
7, 11, 59, 1709
What are the prime factors of 98056?
2, 7, 17, 103
What are the prime factors of 15338653?
11, 1394423
List the prime factors of 3624228.
2, 3, 100673
List the prime factors of 99027.
3, 11003
What are the prime factors of 1121833?
1121833
List the prime factors of 1594355.
5, 7, 45553
List the prime factors of 21557.
21557
What are the prime factors of 1064181?
3, 354727
List the prime factors of 13741131.
3, 4580377
What are the prime factors of 1665049?
937, 1777
What are the prime factors of 2125178?
2, 11, 29, 3331
What are the prime factors of 468776?
2, 7, 11, 761
List the prime factors of 3289712.
2, 205607
List the prime factors of 6556.
2, 11, 149
List the prime factors of 23034318.
2, 3, 107, 35879
What are the prime factors of 13321?
7, 11, 173
List the prime factors of 82819.
11, 7529
What are the prime factors of 945330?
2, 3, 5, 31511
What are the prime factors of 2724768?
2, 3, 9461
List the prime factors of 13910.
2, 5, 13, 107
What are the prime factors of 183575?
5, 7, 1049
List the prime factors of 1403104.
2, 163, 269
What are the prime factors of 1893503?
41, 46183
List the prime factors of 3153050.
2, 5, 19, 3319
List the prime factors of 1125933.
3, 375311
List the prime factors of 276629.
276629
List the prime factors of 11860392.
2, 3, 331, 1493
What are the prime factors of 817720?
2, 5, 20443
List the prime factors of 4942621.
53, 93257
What are the prime factors of 40439?
7, 53, 109
What are the prime factors of 5324331?
3, 1774777
What are the prime factors of 302992?
2, 29, 653
List the prime factors of 609347.
257, 2371
List the prime factors of 23123239.
23123239
List the prime factors of 29996.
2, 7499
What are the prime factors of 424855?
5, 31, 2741
List the prime factors of 57783.
3, 11, 17, 103
What are the prime factors of 10360490?
2, 5, 7, 89, 1663
List the prime factors of 4768572.
2, 3, 173, 2297
What are the prime factors of 368683?
7, 31, 1699
What are the prime factors of 17781819?
3, 11, 569, 947
List the prime factors of 11870456.
2, 13, 157, 727
What are the prime factors of 843967?
263, 3209
List the prime factors of 22312559.
22312559
List the prime factors of 554581.
71, 73, 107
What are the prime factors of 5121106?
2, 541, 4733
List the prime factors of 1230302.
2, 615151
What are the prime factors of 1293117?
3, 7, 139, 443
List the prime factors of 6446138.
2, 3223069
List the prime factors of 375068.
2, 41, 2287
What are the prime factors of 8593947?
3, 19, 29, 1733
What are the prime factors of 9326754?
2, 3, 518153
What are the prime factors of 7544427?
3, 11, 228619
What are the prime factors of 17455261?
127, 137443
What are the prime factors of 9356704?
2, 7, 41771
What are the prime factors of 10487196?
2, 3, 523, 557
What are the prime factors of 14887617?
3, 4962539
What are the prime factors of 382393?
11, 34763
What are the prime factors of 4854491?
739, 6569
List the prime factors of 3482188.
2, 870547
What are the prime factors of 1198289?
1198289
What are the prime factors of 2317165?
5, 463433
List the prime factors of 165802.
2, 7, 13, 911
List the prime factors of 471251.
11, 42841
What are the prime factors of 8776191?
3, 59, 179, 277
List the prime factors of 419142.
2, 3, 69857
What are the prime factors of 10248691?
10248691
What are the prime factors of 7747799?
31, 293, 853
What are the prime factors of 1947151?
1947151
List the prime factors of 1937677.
7, 17, 19, 857
What are the prime factors of 5858251?
7, 17, 19, 2591
List the prime factors of 226486.
2, 13, 31, 281
List the prime factors of 1603036.
2, 400759
List the prime factors of 11147904.
2, 3, 9677
What are the prime factors of 83636?
2, 7, 29, 103
What are the prime factors of 1799088?
2, 3, 37, 1013
L